pose -168928 = -45*l + 812638 + 190189. Calculate the remainder when l is divided by 42.
41
Suppose r = 3*r - 4, 5*b - 3*r - 14 = 0. What is the remainder when 101 is divided by (-16)/b - (-41 - -3)?
33
Suppose -364 - 681 = -19*t. Calculate the remainder when (-6 - t/(-10))*-542 is divided by 55.
51
Let t = -4 + 3. Suppose 2*o = -60 + 66, o = 2*j + 37. Let x = t - j. What is the remainder when 61 is divided by x?
13
Suppose 2*k + 4*j - 3192 = 0, 8 = -3*j + 11. What is the remainder when k is divided by 19?
17
Let u = 461 + -491. Let x(h) = -2*h - 44. Calculate the remainder when x(u) is divided by 11.
5
Suppose 3*i = 109 + 47. Suppose -14*v - i = -864. Calculate the remainder when v is divided by 33.
25
Suppose 0 = 80*g + 11*g + 17*g - 8208. What is the remainder when 227 is divided by g?
75
Let t be ((-64)/(-10))/((-26)/(-65)). Let c(h) = 19*h - 134. What is the remainder when c(t) is divided by 57?
56
Let p(f) = 13 + 72 + 77 + 58*f + 18. Calculate the remainder when 251 is divided by p(-3).
5
Let a(z) = -6*z**3 - 2*z + 1. Let w(y) = -31*y**3 - y**2 - 9*y + 5. Let x(g) = 11*a(g) - 2*w(g). Calculate the remainder when x(-2) is divided by 19.
11
Let l(x) = -6*x + 102. Let j(d) = -2*d - 102 + 7*d - 2*d + 2*d. Let w(n) = -5*j(n) - 4*l(n). What is the remainder when w(0) is divided by 26?
24
Suppose 7*s - 212 = 3*s. Suppose t = -2*x + 23, 5*t - x + 6*x = 110. Calculate the remainder when s is divided by t + -1*(1 - 7).
26
What is the remainder when (-12)/(-3) + (49 - -3194) is divided by 57?
55
Let t = 14346 - 14225. Calculate the remainder when 482 is divided by t.
119
Let y = 114 + -75. Let s = -282 - -284. Suppose -3*p - 2*k = -467, k - 4*k = s*p - 313. Calculate the remainder when p is divided by y.
38
What is the remainder when ((-352539)/(-135) + -7)/(3/30*4) is divided by 9?
4
Let b = 21 + -5. Suppose w = a + 4*w - 7, -4*w - b = -5*a. Calculate the remainder when 1/2*15/(150/160) is divided by a.
0
Let v be (-35)/(-21) + (-2)/3. Suppose o + 15 = 4*j, -4*j - 9*o + 8*o + 25 = 0. What is the remainder when (3 - v) + (7 - -5) is divided by j?
4
Suppose 7*k - 290 + 171 = 0. Let c = -79 + 179. What is the remainder when c is divided by k?
15
Let l(m) = -m**2 - 7*m + 117. Calculate the remainder when l(0) is divided by 107.
10
Let a(o) = o**3 - 4*o**2 - 31*o - 86. Calculate the remainder when 787 is divided by a(9).
27
Suppose -4*v = -16, -5*v = u + 15 - 38. Suppose u*r + 15 = -25*d + 28*d, -2*r = 4*d - 50. What is the remainder when 62 is divided by d?
2
Let w(l) = -4*l**3 + 4*l**2 + 6*l - 4. Calculate the remainder when w(-5) is divided by 144.
134
Let q = -5209 + 6379. What is the remainder when q is divided by 23?
20
Calculate the remainder when ((-3 - 1) + -3)*1*(-340)/14 is divided by 33.
5
Let j(s) = -s**2 + 12*s + 35. Let o be j(14). Suppose 70 = o*c - 0*c. Calculate the remainder when 179 is divided by c.
9
Let q = -24 - -28. Suppose q*g + x = 55, -2*g - 2*x = -x - 25. What is the remainder when 123/(-2 + -1)*1/(-1) is divided by g?
11
Let v be -3 + 40855/35 + (-6)/21. Let a = -641 + v. What is the remainder when a is divided by 21?
19
Suppose 61*y - 68*y + 21 = 0. What is the remainder when 28 is divided by y?
1
Suppose -4*u - 95 = -107. Suppose -30 = -3*r + u*w, 4*r - w - 28 = r. Let x(o) = 10*o + 1. Calculate the remainder when x(7) is divided by r.
8
Let h(z) = -9*z**2 + 150. Let j(t) = -2*t**2 + 2. Let c(i) = h(i) - 4*j(i). Let n = -35 - -73. Calculate the remainder when n is divided by c(-11).
17
Let c(i) = 54*i + 9. Let v(d) = -36*d - 6. Let q(z) = 5*c(z) + 7*v(z). Let n be q(7). Let r = 258 - n. Calculate the remainder when r is divided by 22.
19
Let y = 1580 + -1499. Let n(f) = f - 2. Let r be n(6). Suppose -r*x = x - 210. What is the remainder when y is divided by x?
39
Suppose -4*h = -27*h - 391. Let f = 35 - h. What is the remainder when f is divided by 31?
21
Let q(u) = 25*u + 1280. What is the remainder when 155/9 + 8/(-36) is divided by q(-51)?
2
Suppose -349*v + 40349 + 67714 - 21162 = 0. Calculate the remainder when 792 is divided by v.
45
Let c = 7158 - 6706. What is the remainder when c is divided by 192?
68
Suppose -619*c = -623*c - 20. What is the remainder when 31 is divided by 202/22 - c - (-2)/(-11)?
3
Let f(b) = b**2 - 2*b - 80. Let o be f(9). Let m(d) = d**2 + 11*d - 38. What is the remainder when 75 is divided by m(o)?
11
Suppose 3*v + b - 112 = 0, 5*b + 21 = 26. What is the remainder when 306 is divided by v?
10
Let h = 11101 + -10585. Calculate the remainder when h is divided by 270.
246
Let p(v) = 10*v - 125. Calculate the remainder when 208 is divided by p(23).
103
Let h(z) = -z**3 + 5*z**2 - 2*z - 4. Let n be (1 - 2)*1*(-33)/(-3). Let o(g) = -g**3 - 12*g**2 - 12*g + 36. What is the remainder when o(n) is divided by h(3)?
7
Suppose -1600 = 27*a - 32*a. Suppose 6*g = -134 + a. What is the remainder when 90 is divided by g?
28
Let l = -51 + 43. Calculate the remainder when (2 - -181) + 0*l/56 is divided by 31.
28
Let y be (-2)/9 - (-40)/18. Suppose -3908 = 290*x - 16088. What is the remainder when x is divided by 1/((-17)/9 + y)?
6
Let p(a) = -881*a - 639. Calculate the remainder when p(-10) is divided by 11.
9
Let s(q) = 6*q**2 - 5*q + 6. Let h be s(4). Suppose 0 = 7*d - 2*d + 3*o + h, -4 = o. Calculate the remainder when 138 is divided by 8/((-8)/2)*d.
26
Suppose 2*q - 368 = -5*m, 0 = -2*q - 2*q + 16. Suppose 2*w - d = -5*d + m, -3*w = 2*d - 128. Calculate the remainder when w is divided by 18.
10
Let c(y) = -2*y + 2. Suppose 5*p - 22 = a + a, 3*a + 12 = -3*p. What is the remainder when -9*(-8)/90 - (-176)/5 is divided by c(a)?
8
Let p = 30153 - 29935. Calculate the remainder when 2417 is divided by p.
19
What is the remainder when 319 is divided by (-1)/2 - (104/(-78) + 91/(-6))?
15
Let d(i) = -2769*i - 4748. Calculate the remainder when d(-2) is divided by (-215)/(-3) + 2/6.
70
Suppose 8605 + 11669 = 27*r + 1104. What is the remainder when r is divided by 176?
6
Let w(y) = -y**2 + 18*y - 16. Suppose -3*m - 13*b + 85 = -17*b, -5*b = 2*m - 72. Calculate the remainder when w(12) is divided by m.
25
Let r = 183 - 125. Suppose -134 = -5*n + w + 1, 3*n = -4*w + r. Calculate the remainder when 51 is divided by n.
25
Let n(x) = -30*x - 202. Let i be 1 + 3/1 + 0. Suppose -4*w + i*l - l + 68 = 0, 2*l = 5*w - 78. Calculate the remainder when w is divided by n(-7).
6
Suppose -5*g + 23*s = 24*s - 584, -2*g - s + 230 = 0. What is the remainder when 6605 is divided by g?
115
Suppose q = 3*a + 4850, -2*q = -34*a + 32*a - 9688. What is the remainder when q is divided by 28?
25
Let m = 839 - 777. What is the remainder when m is divided by 5?
2
Let p(h) = h**3 + 35*h**2 + 69*h + 1193. What is the remainder when 501 is divided by p(-34)?
0
Let k = -78 - -54. Let c be (6 + 0)*k/6. What is the remainder when 45 is divided by (3 + (-1 - c))/2?
6
Suppose 215*o + 166*o = 1407795. Calculate the remainder when o is divided by 33.
32
Let a(y) = -y**2 - 2*y + 155. Let f = 384 - 373. What is the remainder when 47 is divided by a(f)?
11
Suppose h + 5*y - 8 = -2*h, 2*y - 20 = -4*h. Let a be h/(-24) + (-23)/4. What is the remainder when (-680)/25*15/a is divided by 10?
8
Let y(l) = -l**2 - 8*l + 3. Let w be (-14)/(7/9 - 1). Suppose -12*b + w = -3*b. What is the remainder when y(-4) is divided by b?
5
Let r be 8 + (-2)/((-39)/9 - -5). What is the remainder when 53 is divided by ((-5*r)/1)/(53 + -54)?
3
Let n be (-4)/18 + 18/81. Suppose -3*f - u + 3 = -1, 4*u + 20 = 0. Suppose f*a - j = 25, 5*a = -n*a + 4*j + 30. What is the remainder when 23 is divided by a?
3
Let r = 910 + -850. Calculate the remainder when 742 is divided by r.
22
Let n = 4749 - 4604. What is the remainder when n is divided by 47?
4
What is the remainder when 562 is divided by (-8 + 5)*(-2 + -45)?
139
Suppose -13*n + 1773 - 317 = 0. Let f = 211 - n. What is the remainder when f is divided by 17?
14
Let f(z) = 284*z + 2304. What is the remainder when 34 is divided by f(-8)?
2
Suppose -3*o + 1535 = 4*s, 2*o - 9*s = -10*s + 1025. Calculate the remainder when o is divided by 168.
9
Let g(k) = k**3 + 27*k**2 - 5*k - 59. Let r be (-8 + 0 + 4)*(-135)/(-20). Calculate the remainder when g(r) is divided by 43.
33
Let i(c) = -11*c + 19. Let j(f) = 2*f**2 - 34*f - 59. What is t